{"id":64,"date":"2025-02-03T16:09:30","date_gmt":"2025-02-03T16:09:30","guid":{"rendered":"https:\/\/icm-groupe.com\/?page_id=64"},"modified":"2025-02-18T12:02:21","modified_gmt":"2025-02-18T12:02:21","slug":"notre-societe","status":"publish","type":"page","link":"https:\/\/icm-groupe.com\/index.php\/notre-societe\/","title":{"rendered":"Notre Soci\u00e9t\u00e9"},"content":{"rendered":"<div class=\"push \" style=\"height:30px\"><\/div>\n<div class=\"limit-wrapper\"><div class=\"row \"><div class=\"wpv-grid grid-1-1  wpv-first-level first has-background unextended animation-from-right animated-active no-extended-padding\" style=\"background-color:#13727a;padding-top:0.05px;padding-bottom:0.05px;\" id=\"wpv-column-4ed25f3bf7ce92bf7b0cb9e36efda1b9\" ><style>#wpv-column-4ed25f3bf7ce92bf7b0cb9e36efda1b9 p,#wpv-column-4ed25f3bf7ce92bf7b0cb9e36efda1b9 em,#wpv-column-4ed25f3bf7ce92bf7b0cb9e36efda1b9 h1,#wpv-column-4ed25f3bf7ce92bf7b0cb9e36efda1b9 h2,#wpv-column-4ed25f3bf7ce92bf7b0cb9e36efda1b9 h3,#wpv-column-4ed25f3bf7ce92bf7b0cb9e36efda1b9 h4,#wpv-column-4ed25f3bf7ce92bf7b0cb9e36efda1b9 h5,#wpv-column-4ed25f3bf7ce92bf7b0cb9e36efda1b9 h6,#wpv-column-4ed25f3bf7ce92bf7b0cb9e36efda1b9 .column-title,#wpv-column-4ed25f3bf7ce92bf7b0cb9e36efda1b9 .sep-text h2.regular-title-wrapper,#wpv-column-4ed25f3bf7ce92bf7b0cb9e36efda1b9 .text-divider-double,#wpv-column-4ed25f3bf7ce92bf7b0cb9e36efda1b9 .sep-text .sep-text-line,#wpv-column-4ed25f3bf7ce92bf7b0cb9e36efda1b9 .sep,#wpv-column-4ed25f3bf7ce92bf7b0cb9e36efda1b9 .sep-2,#wpv-column-4ed25f3bf7ce92bf7b0cb9e36efda1b9 .sep-3,#wpv-column-4ed25f3bf7ce92bf7b0cb9e36efda1b9 td,#wpv-column-4ed25f3bf7ce92bf7b0cb9e36efda1b9 th,#wpv-column-4ed25f3bf7ce92bf7b0cb9e36efda1b9 caption{color:#9ce9f0;}#wpv-column-4ed25f3bf7ce92bf7b0cb9e36efda1b9:before{background-color:transparent;}<\/style><div class=\"row \"><div class=\"wpv-grid grid-1-1  first unextended no-extended-padding\" style=\"padding-top:0.05px;padding-bottom:0.05px;\" id=\"wpv-column-109fe4aa0861eac06dd36e51f1756d77\" ><blockquote>\n<h2>NOUS CONNAITRE<\/h2>\n<p>Fond\u00e9e en 2018, <span style=\"color: #999999;\"><strong>IVOIRE CONSTRUCTION ET MULTISERVICES<\/strong><\/span> ( <a href=\"http:\/\/icm-groupe.com\">ICM<\/a>) est sp\u00e9cialis\u00e9e dans la construction pr\u00e9fabriqu\u00e9e, la construction classique, la construction m\u00e9tallique et divers travaux du b\u00e2timent.<br \/>\nGr\u00e2ce \u00e0 notre expertise et notre engagement, nous proposons des solutions rapides, durables et \u00e9conomiques, adapt\u00e9es aux besoins de nos clients.<\/p>\n<p>Notre mission est d\u2019accompagner particuliers, entreprises et institutions dans la r\u00e9alisation de leurs projets, en garantissant qualit\u00e9, innovation et respect des d\u00e9lais. Avec une \u00e9quipe qualifi\u00e9e et des mat\u00e9riaux de premier choix, nous construisons un avenir solide et durable.<\/p>\n<p>Nous intervenons partout o\u00f9 vos projets nous appellent !<\/p><\/blockquote><\/div><\/div><\/div><\/div><\/div>\n","protected":false},"excerpt":{"rendered":"<p>NOUS CONNAITRE Fond\u00e9e en 2018, IVOIRE CONSTRUCTION ET MULTISERVICES ( ICM) est sp\u00e9cialis\u00e9e dans la construction pr\u00e9fabriqu\u00e9e, la construction classique, la construction m\u00e9tallique et divers travaux du b\u00e2timent. Gr\u00e2ce \u00e0 notre expertise et notre engagement, nous proposons des solutions rapides, durables et \u00e9conomiques, adapt\u00e9es aux besoins de nos clients. Notre mission est d\u2019accompagner particuliers, entreprises&#8230;<\/p>\n","protected":false},"author":1,"featured_media":0,"parent":0,"menu_order":0,"comment_status":"closed","ping_status":"closed","template":"","meta":{"footnotes":""},"class_list":["post-64","page","type-page","status-publish","hentry"],"_links":{"self":[{"href":"https:\/\/icm-groupe.com\/index.php\/wp-json\/wp\/v2\/pages\/64","targetHints":{"allow":["GET"]}}],"collection":[{"href":"https:\/\/icm-groupe.com\/index.php\/wp-json\/wp\/v2\/pages"}],"about":[{"href":"https:\/\/icm-groupe.com\/index.php\/wp-json\/wp\/v2\/types\/page"}],"author":[{"embeddable":true,"href":"https:\/\/icm-groupe.com\/index.php\/wp-json\/wp\/v2\/users\/1"}],"replies":[{"embeddable":true,"href":"https:\/\/icm-groupe.com\/index.php\/wp-json\/wp\/v2\/comments?post=64"}],"version-history":[{"count":10,"href":"https:\/\/icm-groupe.com\/index.php\/wp-json\/wp\/v2\/pages\/64\/revisions"}],"predecessor-version":[{"id":657,"href":"https:\/\/icm-groupe.com\/index.php\/wp-json\/wp\/v2\/pages\/64\/revisions\/657"}],"wp:attachment":[{"href":"https:\/\/icm-groupe.com\/index.php\/wp-json\/wp\/v2\/media?parent=64"}],"curies":[{"name":"wp","href":"https:\/\/api.w.org\/{rel}","templated":true}]}}