{"id":40,"date":"2025-02-03T14:42:32","date_gmt":"2025-02-03T14:42:32","guid":{"rendered":"https:\/\/icm-groupe.com\/?page_id=40"},"modified":"2025-02-21T17:25:05","modified_gmt":"2025-02-21T17:25:05","slug":"nous-contacter","status":"publish","type":"page","link":"https:\/\/icm-groupe.com\/index.php\/nous-contacter\/","title":{"rendered":"NOUS CONTACTER"},"content":{"rendered":"<div class=\"limit-wrapper\"><div class=\"row \"><div class=\"wpv-grid grid-1-1  wpv-first-level first has-background unextended no-extended-padding\" style=\"background-color:#13727a;padding-top:0.05px;padding-bottom:0.05px;\" id=\"wpv-column-ae1f591ab8b9a19c5de2e253d4083e24\" ><style>#wpv-column-ae1f591ab8b9a19c5de2e253d4083e24 p,#wpv-column-ae1f591ab8b9a19c5de2e253d4083e24 em,#wpv-column-ae1f591ab8b9a19c5de2e253d4083e24 h1,#wpv-column-ae1f591ab8b9a19c5de2e253d4083e24 h2,#wpv-column-ae1f591ab8b9a19c5de2e253d4083e24 h3,#wpv-column-ae1f591ab8b9a19c5de2e253d4083e24 h4,#wpv-column-ae1f591ab8b9a19c5de2e253d4083e24 h5,#wpv-column-ae1f591ab8b9a19c5de2e253d4083e24 h6,#wpv-column-ae1f591ab8b9a19c5de2e253d4083e24 .column-title,#wpv-column-ae1f591ab8b9a19c5de2e253d4083e24 .sep-text h2.regular-title-wrapper,#wpv-column-ae1f591ab8b9a19c5de2e253d4083e24 .text-divider-double,#wpv-column-ae1f591ab8b9a19c5de2e253d4083e24 .sep-text .sep-text-line,#wpv-column-ae1f591ab8b9a19c5de2e253d4083e24 .sep,#wpv-column-ae1f591ab8b9a19c5de2e253d4083e24 .sep-2,#wpv-column-ae1f591ab8b9a19c5de2e253d4083e24 .sep-3,#wpv-column-ae1f591ab8b9a19c5de2e253d4083e24 td,#wpv-column-ae1f591ab8b9a19c5de2e253d4083e24 th,#wpv-column-ae1f591ab8b9a19c5de2e253d4083e24 caption{color:#9ce9f0;}#wpv-column-ae1f591ab8b9a19c5de2e253d4083e24:before{background-color:transparent;}<\/style><div class=\"row \"><div class=\"wpv-grid grid-1-2  first unextended no-extended-padding\" style=\"padding-top:0.05px;padding-bottom:0.05px;\" id=\"wpv-column-32e642ea36e321dc0a0d981c6e00d987\" ><span class='icon shortcode  inverted-colors use-hover' style='color:#fff;background:#7c8a8d;font-size:30px !important;'>&#57510;<\/span> <strong><span style=\"color: #333333;\">Localisation<\/span><\/strong><\/p>\n<p>ville : Abidjan (CI)<\/p>\n<p>commune : Cocody-Faya<\/div>\n<div class=\"wpv-grid grid-1-2  unextended no-extended-padding\" style=\"padding-top:0.05px;padding-bottom:0.05px;\" id=\"wpv-column-49642bdd780039603699701dbca888db\" ><span class='icon shortcode  inverted-colors use-hover' style='color:#fff;background:#7c8a8d;font-size:30px !important;'>&#57497;<\/span> <strong><span style=\"color: #333333;\">T\u00e9l\u00e9phone<\/span><\/strong><\/p>\n<p><strong>(+225) 07-89-89-37-03<\/strong><\/p>\n<p><strong>(+225) 07-09-74-11-68<\/strong><\/div><\/div>\n<div class=\"row \"><div class=\"wpv-grid grid-1-2  first unextended no-extended-padding\" style=\"padding-top:0.05px;padding-bottom:0.05px;\" id=\"wpv-column-844a3cad9b3272113db1d3b7bd47a76c\" ><span class='icon shortcode  inverted-colors use-hover' style='color:#fff;background:#7c8a8d;font-size:30px !important;'>&#57522;<\/span> <span style=\"color: #333333;\"><strong>Horaires<\/strong><\/span><\/p>\n<p>Ouvert: Lundi-Vendredi<\/p>\n<p>08h &#8211; 17h 30<\/p>\n<p>disponible au T\u00e9l\u00e9phone 24h\/7 jrs<\/div>\n<div class=\"wpv-grid grid-1-2  unextended no-extended-padding\" style=\"padding-top:0.05px;padding-bottom:0.05px;\" id=\"wpv-column-9bc97c6fd11ad62a6c50c7c49e092109\" ><span class='icon shortcode  inverted-colors use-hover' style='color:#fff;background:#7c8a8d;font-size:30px !important;'>&#57816;<\/span> <strong><span style=\"color: #333333;\">Infos<\/span> <span style=\"color: #333333;\">Web<\/span><\/strong><\/p>\n<p><strong>infos@icm-groupe.com<\/strong><\/p>\n<p><strong>www.icm-groupe.com<\/strong><\/div><\/div><\/div><\/div><\/div>\n<div class=\"limit-wrapper\"><div class=\"row \"><div class=\"wpv-grid grid-1-1  wpv-first-level first unextended animation-from-right animated-active no-extended-padding\" style=\"padding-top:0.05px;padding-bottom:0.05px;\" id=\"wpv-column-52c3eb224f161ae71bc6b2509d0b072d\" >\t\t<div class=\"sep-text single centered\">\n\t\t\t\t\t\t\t<span class=\"sep-text-before\"><div class=\"sep-text-line\"><\/div><\/span>\n\t\t\t\t\t\t<div class=\"content\">\n\t\t\t\t<h2 class=\"regular-title-wrapper\">\t\t\t\t\tENVOYER NOUS UN MAIL INSTANTANE\t\t\t\t<\/h2>\t\t\t<\/div>\n\t\t\t<span class=\"sep-text-after\"><div class=\"sep-text-line\"><\/div><\/span>\n\t\t\t\t\t<\/div>\n\t<p>\n<div class=\"wpcf7 no-js\" id=\"wpcf7-f7-o1\" lang=\"en-US\" dir=\"ltr\" data-wpcf7-id=\"7\">\n<div class=\"screen-reader-response\"><p role=\"status\" aria-live=\"polite\" aria-atomic=\"true\"><\/p> <ul><\/ul><\/div>\n<form action=\"\/index.php\/wp-json\/wp\/v2\/pages\/40#wpcf7-f7-o1\" method=\"post\" class=\"wpcf7-form init\" aria-label=\"Contact form\" novalidate=\"novalidate\" data-status=\"init\">\n<fieldset class=\"hidden-fields-container\"><input type=\"hidden\" name=\"_wpcf7\" value=\"7\" \/><input type=\"hidden\" name=\"_wpcf7_version\" value=\"6.1.5\" \/><input type=\"hidden\" name=\"_wpcf7_locale\" value=\"en_US\" \/><input type=\"hidden\" name=\"_wpcf7_unit_tag\" value=\"wpcf7-f7-o1\" \/><input type=\"hidden\" name=\"_wpcf7_container_post\" value=\"0\" \/><input type=\"hidden\" name=\"_wpcf7_posted_data_hash\" value=\"\" \/>\n<\/fieldset>\n<p><label> Votre nom (ou nom de votre soci\u00e9t\u00e9)<br \/>\n<span class=\"wpcf7-form-control-wrap\" data-name=\"your-name\"><input size=\"40\" maxlength=\"400\" class=\"wpcf7-form-control wpcf7-text wpcf7-validates-as-required\" autocomplete=\"name\" aria-required=\"true\" aria-invalid=\"false\" value=\"\" type=\"text\" name=\"your-name\" \/><\/span> <\/label>\n<\/p>\n<p><label> Votre mail<br \/>\n<span class=\"wpcf7-form-control-wrap\" data-name=\"your-email\"><input size=\"40\" maxlength=\"400\" class=\"wpcf7-form-control wpcf7-email wpcf7-validates-as-required wpcf7-text wpcf7-validates-as-email\" autocomplete=\"email\" aria-required=\"true\" aria-invalid=\"false\" value=\"\" type=\"email\" name=\"your-email\" \/><\/span> <\/label>\n<\/p>\n<p><label> Objet<br \/>\n<span class=\"wpcf7-form-control-wrap\" data-name=\"your-subject\"><input size=\"40\" maxlength=\"400\" class=\"wpcf7-form-control wpcf7-text wpcf7-validates-as-required\" aria-required=\"true\" aria-invalid=\"false\" value=\"\" type=\"text\" name=\"your-subject\" \/><\/span> <\/label>\n<\/p>\n<p><label> Votre message<br \/>\n<span class=\"wpcf7-form-control-wrap\" data-name=\"your-message\"><textarea cols=\"40\" rows=\"10\" maxlength=\"2000\" class=\"wpcf7-form-control wpcf7-textarea\" aria-invalid=\"false\" name=\"your-message\"><\/textarea><\/span> <\/label>\n<\/p>\n<p><input class=\"wpcf7-form-control wpcf7-submit has-spinner\" type=\"submit\" value=\"envoy\u00e9\" \/>\n<\/p><div class=\"wpcf7-response-output\" aria-hidden=\"true\"><\/div>\n<\/form>\n<\/div>\n<\/div><\/div><\/div>\n","protected":false},"excerpt":{"rendered":"<p>Localisation ville : Abidjan (CI) commune : Cocody-Faya T\u00e9l\u00e9phone (+225) 07-89-89-37-03 (+225) 07-09-74-11-68 Horaires Ouvert: Lundi-Vendredi 08h &#8211; 17h 30 disponible au T\u00e9l\u00e9phone 24h\/7 jrs Infos Web infos@icm-groupe.com www.icm-groupe.com<\/p>\n","protected":false},"author":1,"featured_media":0,"parent":0,"menu_order":0,"comment_status":"closed","ping_status":"closed","template":"","meta":{"footnotes":""},"class_list":["post-40","page","type-page","status-publish","hentry"],"_links":{"self":[{"href":"https:\/\/icm-groupe.com\/index.php\/wp-json\/wp\/v2\/pages\/40","targetHints":{"allow":["GET"]}}],"collection":[{"href":"https:\/\/icm-groupe.com\/index.php\/wp-json\/wp\/v2\/pages"}],"about":[{"href":"https:\/\/icm-groupe.com\/index.php\/wp-json\/wp\/v2\/types\/page"}],"author":[{"embeddable":true,"href":"https:\/\/icm-groupe.com\/index.php\/wp-json\/wp\/v2\/users\/1"}],"replies":[{"embeddable":true,"href":"https:\/\/icm-groupe.com\/index.php\/wp-json\/wp\/v2\/comments?post=40"}],"version-history":[{"count":33,"href":"https:\/\/icm-groupe.com\/index.php\/wp-json\/wp\/v2\/pages\/40\/revisions"}],"predecessor-version":[{"id":683,"href":"https:\/\/icm-groupe.com\/index.php\/wp-json\/wp\/v2\/pages\/40\/revisions\/683"}],"wp:attachment":[{"href":"https:\/\/icm-groupe.com\/index.php\/wp-json\/wp\/v2\/media?parent=40"}],"curies":[{"name":"wp","href":"https:\/\/api.w.org\/{rel}","templated":true}]}}